What is (6 + 1 - 4) + -2?
1
What is (-1 + (9 - 2) - 2) + -13?
-9
What is 9 + (-5 - -5) + -6?
3
What is the value of -7 + (-5 - -4 - -2)?
-6
What is 4 - 0 - (-2 + (2 - -5))?
-1
Evaluate (1 - 7) + (17 - 11) + -1.
-1
-15 + 8 - (-4 + (5 - 3))
-5
-2 - (-1 + 6 + -9)
2
Evaluate 3 + -7 - (8 + -10).
-2
-1 + 11 - (20 - 18)
8
What is 23 + -3 + -9 + -1?
10
What is the value of -1 + (7 - (9 + -3))?
0
1 - ((-25 - -23) + (-2 - -1))
4
Evaluate (5 - (-6 - -11)) + -3.
-3
What is the value of (5 + -10 + 6 - 4) + 9?
6
What is the value of -1 - ((3 - 3) + -2)?
1
-2 - (-3 + (-2 + 2 - -2))
-1
Calculate (-18 - (-11 + 2)) + (1 - -4).
-4
Evaluate -5 - 1 - (-1 - (-2 + 2)).
-5
1 + -1 - (-3 - (5 - 9))
-1
Calculate -4 - (6 - 4 - 7).
1
Evaluate -1 + -6 + 23 + -8.
8
-2 - (-1 - (1 + (1 - -2)))
3
What is the value of 12 + -6 + (-4 - -3 - 0)?
5
What is the value of 7 - (12 - -1) - -10?
4
What is the value of 17 + (5 - 20) - (1 + -1)?
2
Calculate 7 + 10 + -25 + 4.
-4
(-2 + 1 - 3) + 4 + 3
3
What is 11 - (9 - (6 - 1))?
7
Evaluate -3 + 8 - (0 + 0).
5
Calculate (-3 - 0 - (3 - 0)) + 5.
-1
What is the value of -5 - -3 - (1 + -3) - 5?
-5
What is 0 - (1 + 0) - (17 + -16)?
-2
What is the value of -15 + 10 + (3 - -2)?
0
Calculate -3 + 9 + -11 + 1.
-4
Calculate 1 - (-4 + -3) - 4.
4
Calculate (7 - 2) + -1 + 0.
4
What is the value of 29 + -26 - ((3 - -1) + 0)?
-1
Calculate 2 - (1 + -1 - -3).
-1
What is the value of -64 + 65 + 4 + 1?
6
What is the value of (2 - -6 - 7) + (-2 - -1)?
0
(-1 - (0 - 5)) + (-112 - -108)
0
1 - (1 - 5 - (0 - 4))
1
What is 3 + -1 + -3 - -2 - 8?
-7
What is the value of -3 + (-2 - -4) + -2 + 6?
3
What is the value of -15 - (-11 - (13 + -15))?
-6
Evaluate -37 + 30 + 1 + (-2 - -8).
0
Calculate 0 - (-6 + 5) - -2.
3
Calculate 6 + (-5 - -7 - 5) - 5.
-2
Calculate -3 - (-7 + 0 + 3).
1
What is -11 - (9 + -31) - 9?
2
3 - (1 - -2) - (-3 - 0)
3
What is the value of (2 + -6 - -2) + 15 + -16?
-3
What is (2 - 5) + -5 + 12?
4
Evaluate 2 + -4 + (-12 - -2) + 5.
-7
0 - ((-1 - -4) + -1)
-2
-16 + 11 - (-1 + -4)
0
What is 2 + 0 + (-2 - 5 - 1)?
-6
What is 2 - (2 - 1) - (3 + -3)?
1
Calculate -23 - (-6 + -4) - -8.
-5
What is the value of 3 - ((-2 - -5) + (-1 - 0))?
1
What is the value of 1 - 2 - (2 + 1)?
-4
What is the value of -5 + (3 - 0) + 0 + -3?
-5
What is the value of -1 + 1 + (-6 - -3) + 4?
1
What is -1 - 0 - (-7 + (3 - -5))?
-2
What is the value of 0 - (-1 - -1) - (-6 - -7)?
-1
1 - 7 - (10 + -18)
2
What is the value of (-1 - -2 - -2) + -4?
-1
What is the value of 13 + -21 + (3 - -16)?
11
4 + 6 + (1 - 6)
5
What is 1 + 1 + -1 - 1?
0
What is the value of -2 + 0 + -1 + 2 + -2?
-3
Calculate -2 + -1 - (-6 - (-3 - 4)).
-4
Calculate 2 + (1 - 1) - (4 - 1).
-1
Evaluate (-7 - 1 - -6) + 3.
1
What is 5 - (1 - (3 + -4))?
3
-7 + 5 + -3 - -10
5
Calculate 0 - (0 - (-1 - 2)) - -3.
0
Calculate -3 + -6 + 13 - (4 + -4).
4
What is the value of 7 + -1 + (-3 - -1)?
4
Calculate 13 - (6 + -3) - 2.
8
What is the value of -2 + 4 + (-6 - -2) - 2?
-4
Calculate 5 + 4 + -4 + -10.
-5
0 + -6 - (-8 + (14 - 14))
2
What is the value of 1 + -2 + (4 - (2 - -4))?
-3
What is the value of -1 - (-22 + 12 + 2)?
7
Evaluate 3 + -1 - (0 - 3).
5
What is the value of 6 + (-15 - (-13 - -7))?
-3
What is -11 + 11 + (3 - 3 - -3)?
3
Calculate 4 + (1 + -6 - (-13 - -13)).
-1
Calculate -2 + 7 + -9 + 7.
3
What is the value of 3 + -11 + 21 - 7?
6
What is the value of -2 + -6 - (-1 + -14 + 11)?
-4
What is (-4 + -12 - -8) + 14?
6
Evaluate 5 + (1 - (2 - -3)).
1
What is 48 + -55 - (3 - (-1 + 12))?
1
What is the value of -2 + -4 + (8 - 3 - 4)?
-5
Evaluate (-52 - -39) + (15 - 1).
1
What is (2 + 1 - 0) + 1?
4
Evaluate (1 - 1) + -3 + 8.
5
Evaluate -45 + 54 + (-1 - 1 - 3).
4
Evaluate -3 + (1 + 1 + 0 - -6).
5
Evaluate (-4 - 2) + 5 + -2.
-3
What is (-8 - -4) + (0 - -6)?
2
6 + -6 + -3 - (2 - -1)
-6
What is -186 + 183 + (-1 - -7)?
3
What is the value of (65 - 65) + -4 + -1?
-5
0 + -8 + 12 - (-1 + 5)
0
Calculate (3 - 1) + (0 - (4 + -8)).
6
What is 1 + 5 + (1 - 2)?
5
Calculate 0 + -2 + -3 + -4 + 8.
-1
What is the value of (18 - 8) + -4 - (4 + 3)?
-1
Evaluate -7 - (2 + (1 - 7)) - -7.
4
Calculate -15 + 5 - (-7 - 8).
5
What is (-4 + (1 - 0) - 1) + 8?
4
-5 + 11 + -11 - -3
-2
What is 1 - -4 - (9 + -8)?
4
What is 4 - (0 - (-5 + -2))?
-3
Calculate (2 - 3 - -5 - 1) + 1.
4
Calculate (-2 - (0 + 1)) + -7 - -2.
-8
What is -13 + 13 + (0 - -1)?
1
What is the value of -6 + (-4 - (-8 + (-2 - -3)))?
-3
What is the value of 4 + -5 + 0 - -3?
2
Calculate -11 - (4 + -2 - 11).
-2
What is the value of 1 + (5 - ((-2 - 0) + 4))?
4
Calculate 18 - (8 + 12 - 10).
8
What is 3 + (-2 - (6 + -2))?
-3
What is 13 - 7 - 7 - (-7 + -4)?
10
What is (-2 - -5) + (-7 - (-5 + 3))?
-2
What is 0 + -1 + -2 + 5 - -3?
5
What is the value of -11 + 13 + -3 + 3?
2
-4 + (2 - 4) + -1 + 3
-4
Calculate -5 + 4 + 7 + -5 + 4.
5
What is the value of -1 - -2 - (-7 + 13) - 3?
-8
Calculate -5 + 0 + 2 + -3 + 3.
-3
-3 - ((-1 - -3) + -6)
1
Evaluate -4 - (-7 + 0 + 2 - -4).
-3
What is the value of (-15 - -11) + (7 + 0 - -1)?
4
What is the value of -14 + 19 + (-2 - (-3 - -4))?
2
What is the value of -2 + 4 + -2 + 1 + 1?
2
What is -64 + 68 + 1 + -7?
-2
What is 12 + (9 - 12) + -2?
7
Calculate 7 + (2 + -5 - 1).
3
What is (7 - 3) + 0 + -5 + -1?
-2
What is the value of (-8 - -8 - 1) + -1?
-2
Calculate -4 + 12 + -7 + -2.
-1
Calculate -13 + (3 - -4) + 7.
1
Evaluate -3 + (-1 - -2) + -3.
-5
What is the value of (2 + 2 + -1 - 2) + -4?
-3
What is -12 + (-1 - 7) + 15?
-5
-65 + 75 + 0 + -12
-2
0 - (-2 + (0 - (-3 - 0)))
-1
What is 2 - (-1 - -2 - (1 - 4))?
-2
Calculate 1 - (6 + 6 - 6 - 3).
-2
Evaluate (-4 - (-6 - (-1 + -2))) + 6.
5
-13 + 4 + (8 - 2)
-3
Calculate -2 + (1 + 6 + -7 - 0).
-2
(-3 - -1) + (-1 - -2) + -4
-5
Calculate -8 + (0 - -9) + -6.
-5
(6 - 0) + 16 + -22
0
What is the value of (-1 - -7) + (0 - 5 - 0)?
1
What is -10 + -9 + 14 - (-1 + 0)?
-4
Evaluate 6 + (-3 - (6 - 2)) + 6.
5
48 + -53 + 3 + 0
-2
Evaluate 4 + (4 - 3) + -5 - -4.
4
Evaluate -9 + -2 + -3 + 5 + -1.
-10
-7 + -1 + 3 + 2 - 0
-3
15 + -12 + (0 - 5)
-2
What is (6 + -1 - -2) + -10?
-3
Calculate (8 + -1 - 14) + 10.
3
What is 1 + 1 + (-2 - (-4 + 0))?
4
Evaluate -11 + 5 + 10 - 9.
-5
Calculate -3 + 0 - 1 - 5 - -16.
7
What is 1 + -6 + 2 + 5?
2
Calculate (2 - -2 - 4) + 5.
5
Calculate -4 - -2 - (-1 - -1).
-2
1 + 3 + (-3 - -4 - 0)
5
What is (3 - 9) + 6 + -3 + -3?
-6
What is the value of (-4 - -5) + -3 + 3 - 3?
-2
(-22 + 5 - -13) + 13 + -2
7
Calculate 2 + -1 + (-2 - (1 + 3)).
-5
3 - (1 + -6 + -1 + 5)
4
-4 - (-3 - (-4 + 5 + -7))
-7
Evaluate 4 + 2 + 2 - 11 - -7.
4
Evaluate 6 - 7 - (-7 + 0 + 1).
5
What is 8 + (-4 - (-12 + 11))?
5
Evaluate 5 + 8 - 3 - 18.
-8
What is (0 - -4) + 2 + (4 - 5)?
5
What is -10 + -4 - (-30 + 9)?
7
Evaluate 2 + (0 - 3) + -1.
-2
(-15 - -12 - (2 - -3)) + 6
-2
What is 4 - (5 - 1) - -4?
4
Evaluate 13 - (3 - -4) - (1 + -2).
7
What is the value of 1 - -2 - 6 - (1 + 1)?
-5
What is 1 + -10 + (1 - -2) + 3?
-3
What is 0 + -3 - (8 + -17 + 13)?
-7
1 + (17 - 9) + -10
-1
Evaluate -5 + 1 + (6 - (2 - -1)).
-1
What is the value of -5 - -7 - (-7 - -14)?
-5
Evaluate 7 + -16 + (2 - -5) + -2.
-4
Calculate 3 - (-4 + -2 + 5).
4
Evaluate -3 + 0 + (1 - 1) + 0.
-3
Calculate (-2 - -4 - (0 - 0)) + -2.
0
What is 3 + (2 - 11 - 0)?
-6
Calculate 6 + -6 + -4 + 1 + 5.
2
What is the value of 1 - 4 - (4 - 8) - 4?
-3
-1 + -2 + (5 - 8)
-6
What is 3 - 2 - (11 - (9 - 2))?
-3
Evaluate -6 - ((2 - (4 - 2)) + -2).
-4
What is the value of -6 + (-1 - -4) - (-1 + -5)?
3
What is 8 - (8 - (3 - 5) - 6)?
4
Calculate 0 + -5 + (-5 - -6) + 1.
-3
Calculate (-4 - -11) + -4 + (2 - 5).
0
Evaluate -2 - (-1 - (5 + -4)).
0
Evaluate 2 - 4 - (6 - 4).
-4
(14 + -15 - (-1 - -1)) + -2
-3
Calculate 1 - (-5 + 5 - -1).
0
What is the value of -4 + 1 - (1 + (3 - 2))?
-5
What is (13 + -13 - (-1 - 1)) + -5?
-3
What is 0 + 14 + -4 + -17?
-7
Calculate -4 + (9 - -1) + 2.
8
What is the value of 7 - ((-8 - -8) + 1)?
6
Evaluate (6 - (-6 + 8)) + (3 - 2).
5
-2 + (1 - -2) - (5 + -2)
-2
What is -4 + (-1 - (8 - 14))?
1
1 - (-3 - -1 - -2)
1
-12 + (1 - 2) - (-865 - -862)
-10
Calculate (7 - (-1 + 5) - 8) + 9.
4
Evaluate 0 + -4 + 4 + 0.
0
Evaluate 2 - (-4 + (7 - 5)).
4
(-4 - (-7 - (2 - 12))) + -1
-8
What is -1 + -10 + 9 - 0?
-2
Evaluate 20 - ((-8 - -2) + 18).
8
What is -7 + (5 - 2 - 2)?
-6
Evaluate (2 - 5) + 4 - 6.
-5
Evaluate 4 - (-4 + (-2 -